{"id":1646,"date":"2020-06-01T15:13:44","date_gmt":"2020-06-01T15:13:44","guid":{"rendered":"https:\/\/www.psbernard.com\/expositions-receptions-manifestations\/"},"modified":"2024-06-18T16:01:53","modified_gmt":"2024-06-18T16:01:53","slug":"esposizioni-ricevimenti-eventi","status":"publish","type":"page","link":"https:\/\/www.psbernard.com\/it\/esposizioni-ricevimenti-eventi\/","title":{"rendered":"Esposizioni e mostre"},"content":{"rendered":"<div class=\"wpb-content-wrapper\"><p>[vc_row css_animation=&#8221;&#8221; row_type=&#8221;row&#8221; use_row_as_full_screen_section=&#8221;no&#8221; type=&#8221;full_width&#8221; angled_section=&#8221;no&#8221; text_align=&#8221;left&#8221; background_image_as_pattern=&#8221;without_pattern&#8221;][vc_column][vc_empty_space][\/vc_column][\/vc_row][vc_row css_animation=&#8221;&#8221; row_type=&#8221;row&#8221; use_row_as_full_screen_section=&#8221;no&#8221; type=&#8221;full_width&#8221; angled_section=&#8221;no&#8221; text_align=&#8221;left&#8221; background_image_as_pattern=&#8221;without_pattern&#8221;][vc_column width=&#8221;1\/2&#8243;][vc_column_text]<\/p>\n<h1><strong>Le vari sale ed esposizioni<\/strong><\/h1>\n<p>[\/vc_column_text][vc_empty_space][vc_column_text]L&#8217;edificio \u00e8 molto grande con numerose sale.[\/vc_column_text][vc_empty_space][vc_column_text]<\/p>\n<h2>L&#8217;esposizione permanente<\/h2>\n<p>[\/vc_column_text][vc_empty_space height=&#8221;16px&#8221;][vc_column_text]Si tratta di una sala d\u2019<span style=\"color: #04ce78;\">esposizione permanente<\/span> sulla <strong>storia del colle<\/strong>,<strong> dell&#8217;ospizio<\/strong>, sulla<strong> geografia <\/strong>e<strong> le tradizioni <\/strong>delle valli di <strong>Tarentaise<\/strong> e di <strong>Valdigne<\/strong>. \u00c8 adiacente all&#8217;Info-Point, in cui le hostess dell&#8217;ufficio turistico di Alta Tarantasia forniscono informazioni utili per tutta l&#8217;estate dalle 10 alle 18.[\/vc_column_text][vc_empty_space][\/vc_column][vc_column width=&#8221;1\/2&#8243;][vc_single_image image=&#8221;1431&#8243; img_size=&#8221;large&#8221; alignment=&#8221;center&#8221; onclick=&#8221;link_image&#8221; qode_css_animation=&#8221;element_from_bottom&#8221; qode_hover_animation=&#8221;zoom_in&#8221;][vc_empty_space][\/vc_column][\/vc_row][vc_row css_animation=&#8221;&#8221; row_type=&#8221;row&#8221; use_row_as_full_screen_section=&#8221;no&#8221; type=&#8221;full_width&#8221; angled_section=&#8221;no&#8221; text_align=&#8221;left&#8221; background_image_as_pattern=&#8221;without_pattern&#8221;][vc_column width=&#8221;1\/2&#8243;][vc_single_image image=&#8221;1432&#8243; img_size=&#8221;large&#8221; alignment=&#8221;center&#8221; onclick=&#8221;link_image&#8221; qode_css_animation=&#8221;element_from_bottom&#8221; qode_hover_animation=&#8221;zoom_in&#8221;][vc_empty_space][\/vc_column][vc_column width=&#8221;1\/2&#8243;][vc_single_image image=&#8221;1433&#8243; img_size=&#8221;large&#8221; alignment=&#8221;center&#8221; onclick=&#8221;link_image&#8221; qode_css_animation=&#8221;element_from_bottom&#8221; qode_hover_animation=&#8221;zoom_in&#8221;][vc_empty_space][\/vc_column][\/vc_row][vc_row css_animation=&#8221;&#8221; row_type=&#8221;row&#8221; use_row_as_full_screen_section=&#8221;no&#8221; type=&#8221;full_width&#8221; angled_section=&#8221;no&#8221; text_align=&#8221;left&#8221; background_image_as_pattern=&#8221;without_pattern&#8221;][vc_column width=&#8221;2\/4&#8243;][vc_empty_space][vc_column_text]<\/p>\n<h2><strong>Le mostre temporanee<\/strong><\/h2>\n<p>[\/vc_column_text][vc_empty_space height=&#8221;16px&#8221;][vc_column_text]Una sala si trova al piano terra ed \u00e8 destinata ad ospitare <span style=\"color: #04ce78;\">mostre temporanee<\/span>.\u00a0 Ha gi\u00e0 ospitato in particolare <strong>una mostra su<\/strong> <strong>SAMIVEL<\/strong>, un&#8217;altra <strong>sul cibo <\/strong>realizzata dagli artisti e allievi di Florence R\u00e9gnault a Montm\u00e9ry in collaborazione con artisti valdostani, <strong>una mostra<\/strong> <strong>sui<\/strong> <strong>pellegrinaggi ed i pellegrini\u00a0<\/strong>attraverso i secoli&#8230;<\/p>\n<p>&nbsp;<\/p>\n<p>Quest&#8217;anno, la sale ospita i quadri di Jacquelines SUJDOVIC, che dipinge <strong>fiori alpini<\/strong>\u00a0sull&#8217;ardesia.[\/vc_column_text][vc_empty_space][\/vc_column][vc_column width=&#8221;1\/4&#8243;][vc_single_image image=&#8221;1109&#8243; img_size=&#8221;large&#8221; alignment=&#8221;center&#8221; onclick=&#8221;link_image&#8221; qode_css_animation=&#8221;element_from_bottom&#8221; qode_hover_animation=&#8221;zoom_in&#8221;][vc_empty_space][\/vc_column][vc_column width=&#8221;1\/4&#8243;][vc_single_image image=&#8221;1110&#8243; img_size=&#8221;large&#8221; alignment=&#8221;center&#8221; onclick=&#8221;link_image&#8221; qode_css_animation=&#8221;element_from_bottom&#8221; qode_hover_animation=&#8221;zoom_in&#8221;][vc_empty_space][\/vc_column][\/vc_row][vc_row css_animation=&#8221;&#8221; row_type=&#8221;row&#8221; use_row_as_full_screen_section=&#8221;no&#8221; type=&#8221;full_width&#8221; angled_section=&#8221;no&#8221; text_align=&#8221;left&#8221; background_image_as_pattern=&#8221;without_pattern&#8221;][vc_column width=&#8221;2\/4&#8243;][vc_single_image image=&#8221;1114&#8243; img_size=&#8221;large&#8221; add_caption=&#8221;yes&#8221; alignment=&#8221;center&#8221; onclick=&#8221;link_image&#8221; qode_css_animation=&#8221;element_from_bottom&#8221; qode_hover_animation=&#8221;zoom_in&#8221;][vc_empty_space][\/vc_column][vc_column width=&#8221;1\/4&#8243;][vc_single_image image=&#8221;1115&#8243; img_size=&#8221;large&#8221; add_caption=&#8221;yes&#8221; alignment=&#8221;center&#8221; onclick=&#8221;link_image&#8221; qode_css_animation=&#8221;element_from_bottom&#8221; qode_hover_animation=&#8221;zoom_in&#8221;][vc_empty_space][\/vc_column][vc_column width=&#8221;1\/4&#8243;][vc_single_image image=&#8221;1113&#8243; img_size=&#8221;large&#8221; add_caption=&#8221;yes&#8221; alignment=&#8221;center&#8221; onclick=&#8221;link_image&#8221; qode_css_animation=&#8221;element_from_bottom&#8221; qode_hover_animation=&#8221;zoom_in&#8221;][vc_empty_space][\/vc_column][\/vc_row][vc_row css_animation=&#8221;&#8221; row_type=&#8221;row&#8221; use_row_as_full_screen_section=&#8221;no&#8221; type=&#8221;full_width&#8221; angled_section=&#8221;no&#8221; text_align=&#8221;left&#8221; background_image_as_pattern=&#8221;without_pattern&#8221;][vc_column width=&#8221;1\/2&#8243;][vc_empty_space][vc_column_text]<\/p>\n<h2>&#8220;L&#8217;Espace Europ\u00e9en&#8221;<\/h2>\n<p>[\/vc_column_text][vc_empty_space height=&#8221;16px&#8221;][vc_column_text]Una grande\u00a0<strong>sala di ricevimento<\/strong>, <span style=\"color: #04ce78;\">l\u2019Espace Europ\u00e9en <\/span>(&#8220;lo spazio europeo&#8221;), \u00e8 situata all&#8217;ultimo piano. \u00c8 molto grande ed offre una bella superficie. Questa sala \u00e8 destinata ad organizzare\u00a0<strong>workshop<\/strong>, <strong>banchetti<\/strong>,\u00a0<strong>riunioni<\/strong> e qualsiasi attivit\u00e0 culturale.<\/p>\n<p>&nbsp;<\/p>\n<p>Contattaci per <span style=\"color: #04ce78;\">affitarla<\/span>.[\/vc_column_text][vc_empty_space][\/vc_column][vc_column width=&#8221;1\/2&#8243;][vc_single_image image=&#8221;1438&#8243; img_size=&#8221;large&#8221; alignment=&#8221;center&#8221; onclick=&#8221;link_image&#8221; qode_css_animation=&#8221;element_from_bottom&#8221; qode_hover_animation=&#8221;zoom_in&#8221;][vc_empty_space][\/vc_column][\/vc_row][vc_row css_animation=&#8221;&#8221; row_type=&#8221;row&#8221; use_row_as_full_screen_section=&#8221;no&#8221; type=&#8221;full_width&#8221; angled_section=&#8221;no&#8221; text_align=&#8221;left&#8221; background_image_as_pattern=&#8221;without_pattern&#8221;][vc_column width=&#8221;2\/6&#8243;][vc_empty_space][vc_column_text]<\/p>\n<h2>L&#8217;esposizione della torre meteo<\/h2>\n<p>[\/vc_column_text][vc_empty_space height=&#8221;16px&#8221;][vc_column_text]<span style=\"color: #04ce78;\">La torre meteo<\/span> \u00e8 complementare alle esposizioni dell&#8217;edificio con <strong>cartelli interessanti che illustrano il meteo complesso di questi luoghi.\u00a0<\/strong><\/p>\n<p>&nbsp;<\/p>\n<p>La vetta della torre porta ad una terrazza che offre una splendida <strong>vista panoramica<\/strong> dei dintorni.[\/vc_column_text][vc_empty_space]<a  itemprop=\"url\" href=\"https:\/\/www.psbernard.com\/chi-siamo-l-associazione\/?lang=it\" target=\"_blank\"  class=\"qbutton  default\" style=\"\">Chi siamo ?<\/a>[vc_empty_space][\/vc_column][vc_column width=&#8221;2\/6&#8243;][vc_single_image image=&#8221;1442&#8243; img_size=&#8221;large&#8221; alignment=&#8221;center&#8221; onclick=&#8221;link_image&#8221; qode_css_animation=&#8221;element_from_bottom&#8221; qode_hover_animation=&#8221;zoom_in&#8221;][vc_empty_space][\/vc_column][vc_column width=&#8221;2\/6&#8243;][vc_single_image image=&#8221;1441&#8243; img_size=&#8221;large&#8221; alignment=&#8221;center&#8221; onclick=&#8221;link_image&#8221; qode_css_animation=&#8221;element_from_bottom&#8221; qode_hover_animation=&#8221;zoom_in&#8221;][vc_empty_space][\/vc_column][\/vc_row][vc_row css_animation=&#8221;&#8221; row_type=&#8221;row&#8221; use_row_as_full_screen_section=&#8221;no&#8221; type=&#8221;full_width&#8221; angled_section=&#8221;no&#8221; text_align=&#8221;left&#8221; background_image_as_pattern=&#8221;without_pattern&#8221;][vc_column width=&#8221;1\/2&#8243;][vc_single_image image=&#8221;1443&#8243; img_size=&#8221;large&#8221; alignment=&#8221;center&#8221; onclick=&#8221;link_image&#8221; qode_css_animation=&#8221;element_from_bottom&#8221; qode_hover_animation=&#8221;zoom_in&#8221;][vc_empty_space][\/vc_column][vc_column width=&#8221;1\/2&#8243;][vc_single_image image=&#8221;1440&#8243; img_size=&#8221;large&#8221; alignment=&#8221;center&#8221; onclick=&#8221;link_image&#8221; qode_css_animation=&#8221;element_from_bottom&#8221; qode_hover_animation=&#8221;zoom_in&#8221;][vc_empty_space][\/vc_column][\/vc_row]<\/p>\n<\/div>","protected":false},"excerpt":{"rendered":"<p>[vc_row css_animation=&#8221;&#8221; row_type=&#8221;row&#8221; use_row_as_full_screen_section=&#8221;no&#8221; type=&#8221;full_width&#8221; angled_section=&#8221;no&#8221; text_align=&#8221;left&#8221; background_image_as_pattern=&#8221;without_pattern&#8221;][vc_column][vc_empty_space][\/vc_column][\/vc_row][vc_row css_animation=&#8221;&#8221; row_type=&#8221;row&#8221; use_row_as_full_screen_section=&#8221;no&#8221; type=&#8221;full_width&#8221; angled_section=&#8221;no&#8221; text_align=&#8221;left&#8221; background_image_as_pattern=&#8221;without_pattern&#8221;][vc_column width=&#8221;1\/2&#8243;][vc_column_text] Le vari sale ed esposizioni [\/vc_column_text][vc_empty_space][vc_column_text]L&#8217;edificio \u00e8 molto grande con numerose sale.[\/vc_column_text][vc_empty_space][vc_column_text] L&#8217;esposizione permanente [\/vc_column_text][vc_empty_space height=&#8221;16px&#8221;][vc_column_text]Si tratta di una sala d\u2019esposizione permanente sulla storia del colle, dell&#8217;ospizio, sulla geografia&#8230;<\/p>\n","protected":false},"author":1,"featured_media":0,"parent":0,"menu_order":16,"comment_status":"closed","ping_status":"closed","template":"","meta":{"footnotes":""},"class_list":["post-1646","page","type-page","status-publish","hentry"],"_links":{"self":[{"href":"https:\/\/www.psbernard.com\/it\/wp-json\/wp\/v2\/pages\/1646","targetHints":{"allow":["GET"]}}],"collection":[{"href":"https:\/\/www.psbernard.com\/it\/wp-json\/wp\/v2\/pages"}],"about":[{"href":"https:\/\/www.psbernard.com\/it\/wp-json\/wp\/v2\/types\/page"}],"author":[{"embeddable":true,"href":"https:\/\/www.psbernard.com\/it\/wp-json\/wp\/v2\/users\/1"}],"replies":[{"embeddable":true,"href":"https:\/\/www.psbernard.com\/it\/wp-json\/wp\/v2\/comments?post=1646"}],"version-history":[{"count":5,"href":"https:\/\/www.psbernard.com\/it\/wp-json\/wp\/v2\/pages\/1646\/revisions"}],"predecessor-version":[{"id":2477,"href":"https:\/\/www.psbernard.com\/it\/wp-json\/wp\/v2\/pages\/1646\/revisions\/2477"}],"wp:attachment":[{"href":"https:\/\/www.psbernard.com\/it\/wp-json\/wp\/v2\/media?parent=1646"}],"curies":[{"name":"wp","href":"https:\/\/api.w.org\/{rel}","templated":true}]}}

<div class="wpb-content-wrapper"><p>[vc_row css_animation=&#8221;&#8221; row_type=&#8221;row&#8221; use_row_as_full_screen_section=&#8221;no&#8221; type=&#8221;full_width&#8221; angled_section=&#8221;no&#8221; text_align=&#8221;left&#8221; background_image_as_pattern=&#8221;without_pattern&#8221;][vc_column][vc_empty_space][/vc_column][/vc_row][vc_row css_animation=&#8221;&#8221; row_type=&#8221;row&#8221; use_row_as_full_screen_section=&#8221;no&#8221; type=&#8221;full_width&#8221; angled_section=&#8221;no&#8221; text_align=&#8221;left&#8221; background_image_as_pattern=&#8221;without_pattern&#8221;][vc_column width=&#8221;1/2&#8243;][vc_column_text]</p>
<h1><strong>Le vari sale ed esposizioni</strong></h1>
<p>[/vc_column_text][vc_empty_space][vc_column_text]L&#8217;edificio è molto grande con numerose sale.[/vc_column_text][vc_empty_space][vc_column_text]</p>
<h2>L&#8217;esposizione permanente</h2>
<p>[/vc_column_text][vc_empty_space height=&#8221;16px&#8221;][vc_column_text]Si tratta di una sala d’<span style="color: #04ce78;">esposizione permanente</span> sulla <strong>storia del colle</strong>,<strong> dell&#8217;ospizio</strong>, sulla<strong> geografia </strong>e<strong> le tradizioni </strong>delle valli di <strong>Tarentaise</strong> e di <strong>Valdigne</strong>. È adiacente all&#8217;Info-Point, in cui le hostess dell&#8217;ufficio turistico di Alta Tarantasia forniscono informazioni utili per tutta l&#8217;estate dalle 10 alle 18.[/vc_column_text][vc_empty_space][/vc_column][vc_column width=&#8221;1/2&#8243;][vc_single_image image=&#8221;1431&#8243; img_size=&#8221;large&#8221; alignment=&#8221;center&#8221; onclick=&#8221;link_image&#8221; qode_css_animation=&#8221;element_from_bottom&#8221; qode_hover_animation=&#8221;zoom_in&#8221;][vc_empty_space][/vc_column][/vc_row][vc_row css_animation=&#8221;&#8221; row_type=&#8221;row&#8221; use_row_as_full_screen_section=&#8221;no&#8221; type=&#8221;full_width&#8221; angled_section=&#8221;no&#8221; text_align=&#8221;left&#8221; background_image_as_pattern=&#8221;without_pattern&#8221;][vc_column width=&#8221;1/2&#8243;][vc_single_image image=&#8221;1432&#8243; img_size=&#8221;large&#8221; alignment=&#8221;center&#8221; onclick=&#8221;link_image&#8221; qode_css_animation=&#8221;element_from_bottom&#8221; qode_hover_animation=&#8221;zoom_in&#8221;][vc_empty_space][/vc_column][vc_column width=&#8221;1/2&#8243;][vc_single_image image=&#8221;1433&#8243; img_size=&#8221;large&#8221; alignment=&#8221;center&#8221; onclick=&#8221;link_image&#8221; qode_css_animation=&#8221;element_from_bottom&#8221; qode_hover_animation=&#8221;zoom_in&#8221;][vc_empty_space][/vc_column][/vc_row][vc_row css_animation=&#8221;&#8221; row_type=&#8221;row&#8221; use_row_as_full_screen_section=&#8221;no&#8221; type=&#8221;full_width&#8221; angled_section=&#8221;no&#8221; text_align=&#8221;left&#8221; background_image_as_pattern=&#8221;without_pattern&#8221;][vc_column width=&#8221;2/4&#8243;][vc_empty_space][vc_column_text]</p>
<h2><strong>Le mostre temporanee</strong></h2>
<p>[/vc_column_text][vc_empty_space height=&#8221;16px&#8221;][vc_column_text]Una sala si trova al piano terra ed è destinata ad ospitare <span style="color: #04ce78;">mostre temporanee</span>.  Ha già ospitato in particolare <strong>una mostra su</strong> <strong>SAMIVEL</strong>, un&#8217;altra <strong>sul cibo </strong>realizzata dagli artisti e allievi di Florence Régnault a Montméry in collaborazione con artisti valdostani, <strong>una mostra</strong> <strong>sui</strong> <strong>pellegrinaggi ed i pellegrini </strong>attraverso i secoli&#8230;</p>
<p>&nbsp;</p>
<p>Quest&#8217;anno, la sale ospita i quadri di Jacquelines SUJDOVIC, che dipinge <strong>fiori alpini</strong> sull&#8217;ardesia.[/vc_column_text][vc_empty_space][/vc_column][vc_column width=&#8221;1/4&#8243;][vc_single_image image=&#8221;1109&#8243; img_size=&#8221;large&#8221; alignment=&#8221;center&#8221; onclick=&#8221;link_image&#8221; qode_css_animation=&#8221;element_from_bottom&#8221; qode_hover_animation=&#8221;zoom_in&#8221;][vc_empty_space][/vc_column][vc_column width=&#8221;1/4&#8243;][vc_single_image image=&#8221;1110&#8243; img_size=&#8221;large&#8221; alignment=&#8221;center&#8221; onclick=&#8221;link_image&#8221; qode_css_animation=&#8221;element_from_bottom&#8221; qode_hover_animation=&#8221;zoom_in&#8221;][vc_empty_space][/vc_column][/vc_row][vc_row css_animation=&#8221;&#8221; row_type=&#8221;row&#8221; use_row_as_full_screen_section=&#8221;no&#8221; type=&#8221;full_width&#8221; angled_section=&#8221;no&#8221; text_align=&#8221;left&#8221; background_image_as_pattern=&#8221;without_pattern&#8221;][vc_column width=&#8221;2/4&#8243;][vc_single_image image=&#8221;1114&#8243; img_size=&#8221;large&#8221; add_caption=&#8221;yes&#8221; alignment=&#8221;center&#8221; onclick=&#8221;link_image&#8221; qode_css_animation=&#8221;element_from_bottom&#8221; qode_hover_animation=&#8221;zoom_in&#8221;][vc_empty_space][/vc_column][vc_column width=&#8221;1/4&#8243;][vc_single_image image=&#8221;1115&#8243; img_size=&#8221;large&#8221; add_caption=&#8221;yes&#8221; alignment=&#8221;center&#8221; onclick=&#8221;link_image&#8221; qode_css_animation=&#8221;element_from_bottom&#8221; qode_hover_animation=&#8221;zoom_in&#8221;][vc_empty_space][/vc_column][vc_column width=&#8221;1/4&#8243;][vc_single_image image=&#8221;1113&#8243; img_size=&#8221;large&#8221; add_caption=&#8221;yes&#8221; alignment=&#8221;center&#8221; onclick=&#8221;link_image&#8221; qode_css_animation=&#8221;element_from_bottom&#8221; qode_hover_animation=&#8221;zoom_in&#8221;][vc_empty_space][/vc_column][/vc_row][vc_row css_animation=&#8221;&#8221; row_type=&#8221;row&#8221; use_row_as_full_screen_section=&#8221;no&#8221; type=&#8221;full_width&#8221; angled_section=&#8221;no&#8221; text_align=&#8221;left&#8221; background_image_as_pattern=&#8221;without_pattern&#8221;][vc_column width=&#8221;1/2&#8243;][vc_empty_space][vc_column_text]</p>
<h2>&#8220;L&#8217;Espace Européen&#8221;</h2>
<p>[/vc_column_text][vc_empty_space height=&#8221;16px&#8221;][vc_column_text]Una grande <strong>sala di ricevimento</strong>, <span style="color: #04ce78;">l’Espace Européen </span>(&#8220;lo spazio europeo&#8221;), è situata all&#8217;ultimo piano. È molto grande ed offre una bella superficie. Questa sala è destinata ad organizzare <strong>workshop</strong>, <strong>banchetti</strong>, <strong>riunioni</strong> e qualsiasi attività culturale.</p>
<p>&nbsp;</p>
<p>Contattaci per <span style="color: #04ce78;">affitarla</span>.[/vc_column_text][vc_empty_space][/vc_column][vc_column width=&#8221;1/2&#8243;][vc_single_image image=&#8221;1438&#8243; img_size=&#8221;large&#8221; alignment=&#8221;center&#8221; onclick=&#8221;link_image&#8221; qode_css_animation=&#8221;element_from_bottom&#8221; qode_hover_animation=&#8221;zoom_in&#8221;][vc_empty_space][/vc_column][/vc_row][vc_row css_animation=&#8221;&#8221; row_type=&#8221;row&#8221; use_row_as_full_screen_section=&#8221;no&#8221; type=&#8221;full_width&#8221; angled_section=&#8221;no&#8221; text_align=&#8221;left&#8221; background_image_as_pattern=&#8221;without_pattern&#8221;][vc_column width=&#8221;2/6&#8243;][vc_empty_space][vc_column_text]</p>
<h2>L&#8217;esposizione della torre meteo</h2>
<p>[/vc_column_text][vc_empty_space height=&#8221;16px&#8221;][vc_column_text]<span style="color: #04ce78;">La torre meteo</span> è complementare alle esposizioni dell&#8217;edificio con <strong>cartelli interessanti che illustrano il meteo complesso di questi luoghi. </strong></p>
<p>&nbsp;</p>
<p>La vetta della torre porta ad una terrazza che offre una splendida <strong>vista panoramica</strong> dei dintorni.[/vc_column_text][vc_empty_space]<a  itemprop="url" href="https://www.psbernard.com/chi-siamo-l-associazione/?lang=it" target="_blank"  class="qbutton  default" style="">Chi siamo ?</a>[vc_empty_space][/vc_column][vc_column width=&#8221;2/6&#8243;][vc_single_image image=&#8221;1442&#8243; img_size=&#8221;large&#8221; alignment=&#8221;center&#8221; onclick=&#8221;link_image&#8221; qode_css_animation=&#8221;element_from_bottom&#8221; qode_hover_animation=&#8221;zoom_in&#8221;][vc_empty_space][/vc_column][vc_column width=&#8221;2/6&#8243;][vc_single_image image=&#8221;1441&#8243; img_size=&#8221;large&#8221; alignment=&#8221;center&#8221; onclick=&#8221;link_image&#8221; qode_css_animation=&#8221;element_from_bottom&#8221; qode_hover_animation=&#8221;zoom_in&#8221;][vc_empty_space][/vc_column][/vc_row][vc_row css_animation=&#8221;&#8221; row_type=&#8221;row&#8221; use_row_as_full_screen_section=&#8221;no&#8221; type=&#8221;full_width&#8221; angled_section=&#8221;no&#8221; text_align=&#8221;left&#8221; background_image_as_pattern=&#8221;without_pattern&#8221;][vc_column width=&#8221;1/2&#8243;][vc_single_image image=&#8221;1443&#8243; img_size=&#8221;large&#8221; alignment=&#8221;center&#8221; onclick=&#8221;link_image&#8221; qode_css_animation=&#8221;element_from_bottom&#8221; qode_hover_animation=&#8221;zoom_in&#8221;][vc_empty_space][/vc_column][vc_column width=&#8221;1/2&#8243;][vc_single_image image=&#8221;1440&#8243; img_size=&#8221;large&#8221; alignment=&#8221;center&#8221; onclick=&#8221;link_image&#8221; qode_css_animation=&#8221;element_from_bottom&#8221; qode_hover_animation=&#8221;zoom_in&#8221;][vc_empty_space][/vc_column][/vc_row]</p>
</div>

<p>[vc_row css_animation=&#8221;&#8221; row_type=&#8221;row&#8221; use_row_as_full_screen_section=&#8221;no&#8221; type=&#8221;full_width&#8221; angled_section=&#8221;no&#8221; text_align=&#8221;left&#8221; background_image_as_pattern=&#8221;without_pattern&#8221;][vc_column][vc_empty_space][/vc_column][/vc_row][vc_row css_animation=&#8221;&#8221; row_type=&#8221;row&#8221; use_row_as_full_screen_section=&#8221;no&#8221; type=&#8221;full_width&#8221; angled_section=&#8221;no&#8221; text_align=&#8221;left&#8221; background_image_as_pattern=&#8221;without_pattern&#8221;][vc_column width=&#8221;1/2&#8243;][vc_column_text] Le vari sale ed esposizioni [/vc_column_text][vc_empty_space][vc_column_text]L&#8217;edificio è molto grande con numerose sale.[/vc_column_text][vc_empty_space][vc_column_text] L&#8217;esposizione permanente [/vc_column_text][vc_empty_space height=&#8221;16px&#8221;][vc_column_text]Si tratta di una sala d’esposizione permanente sulla storia del colle, dell&#8217;ospizio, sulla geografia&#8230;</p>
